j) = -22*j**3 + 2815*j**2 + 128*j - 71. Determine t(128).
-71
Let o(u) = u**3 - 12*u**2 + 15*u + 7. Give o(7).
-133
Let o(i) = i**3 - 9*i**2 + i - 8. Give o(8).
-64
Let c(w) = 47*w**2 + 42*w - 2. Calculate c(-1).
3
Let g(s) = -2*s**2 - 15*s + 11. Determine g(-4).
39
Let c(d) = 684*d - 63607. Give c(93).
5
Let j(f) = 186*f - 1302. What is j(7)?
0
Let x(a) = -2*a**3 - a**2 - 32. What is x(0)?
-32
Let r(a) = 11*a - 78. What is r(-3)?
-111
Let i(a) = -378*a - 7545. What is i(-20)?
15
Let v(i) = -2*i**3 + 46*i**2 - 9*i + 116. Determine v(23).
-91
Let u(s) = -10*s**2 - 148*s - 16. Determine u(-14).
96
Let x(r) = -2*r**3 - 12*r**2 - 54*r + 7. What is x(-6)?
331
Let z(t) = -t**3 + 2*t**2 + 142*t + 382. What is z(-3)?
1
Let f(w) = w**3 - 7*w**2 - 15*w + 22. Determine f(7).
-83
Let d(r) = -91*r - 285. Give d(-3).
-12
Let l(t) = t**2 - 60*t + 188. What is l(64)?
444
Let v(t) = 187*t + 1149. Give v(-7).
-160
Let r(x) = -17*x + 166. Give r(11).
-21
Let v(h) = -9*h**2 + 117*h + 476. Determine v(16).
44
Let p(d) = -57*d - 199. Give p(0).
-199
Let i(s) = s**3 + 32*s**2 - 31*s + 12. Calculate i(-33).
-54
Let c(p) = -p**2 - 6*p + 38. Give c(8).
-74
Let m(h) = -4*h**2 - 83*h - 35. Calculate m(-21).
-56
Let l(s) = -6*s**2 - 31*s - 208. Give l(-15).
-1093
Let y(c) = 21*c + 2119. Calculate y(-99).
40
Let c(g) = -16*g - 323. Determine c(-20).
-3
Let z(q) = -q**2 - 24*q + 274. Give z(-31).
57
Let l(x) = -1370*x - 20531. Calculate l(-15).
19
Let b(k) = 13*k + 2109. Give b(-162).
3
Let p(y) = 195*y + 1431. Calculate p(-7).
66
Let j(m) = 34*m - 78. Calculate j(6).
126
Let a(t) = -t**3 + 30*t**2 - 32*t + 73. What is a(29)?
-14
Let n(m) = 4*m**2 - 11*m + 9. What is n(0)?
9
Let y(i) = -221*i - 1585. Calculate y(-7).
-38
Let a(n) = n - 40. Give a(14).
-26
Let g(q) = -9*q**2 - 353*q - 2801. Calculate g(-11).
-7
Let d(l) = -5*l**2 - 39*l + 1190. What is d(12)?
2
Let v(k) = -k**3 - 16*k**2 + 58*k + 949. Give v(-16).
21
Let i(y) = y**2 + 32*y - 2334. What is i(-67)?
11
Let x(u) = -2*u**3 - 13*u**2 + 143*u + 41. Calculate x(6).
-1
Let s(v) = -2*v**2 - 79*v - 384. Give s(-34).
-10
Let n(g) = -8*g**2 + 37*g - 25. Calculate n(5).
-40
Let y(q) = -2*q**2 + 406*q - 2004. What is y(5)?
-24
Let r(n) = 31*n**2 - 102*n + 37. Determine r(4).
125
Let d(p) = 35*p - 78. Give d(7).
167
Let s(t) = -2*t**3 + 200*t**2 + 199*t + 306. Give s(101).
3
Let i(h) = -h**3 - 17*h**2 + 17*h - 19. Determine i(-18).
-1
Let r(j) = -j**2 + 2*j + 205. Give r(15).
10
Let w(p) = 2*p**2 + 142*p - 2575. Calculate w(15).
5
Let t(d) = 19*d**2 + 19*d + 112. What is t(-5)?
492
Let l(p) = 3*p**2 - 156*p - 1243. Determine l(-7).
-4
Let k(n) = n**3 + 154*n**2 - 8714*n - 389. What is k(-198)?
7
Let j(z) = -5*z**3 + 4*z**2 - 22*z - 69. Determine j(-2).
31
Let o(s) = 60*s**2 - 46*s. What is o(-3)?
678
Let g(s) = -s**2 - 2781*s - 38727. Determine g(-14).
11
Let y(n) = -n**3 - 3*n**2 + 6*n - 1. What is y(4)?
-89
Let k(m) = 1701*m - 28910. What is k(17)?
7
Let c(p) = -313*p - 14401. Determine c(-46).
-3
Let t(v) = -340*v - 6. Give t(0).
-6
Let o(h) = -2*h**2 + 12*h - 45. What is o(3)?
-27
Let x(b) = 4*b**2 + b + 20. What is x(4)?
88
Let x(y) = 3*y**2 - 343*y - 25297. Calculate x(-51).
-1
Let i(p) = 3*p**3 + 27*p**2 + 25*p - 7. What is i(-8)?
-15
Let u(t) = 2*t**2 + 262*t - 521. What is u(2)?
11
Let r(p) = -p**3 - 45*p**2 - 130*p + 136. What is r(-42)?
304
Let r(z) = 21*z**2 - 2119*z - 192. Calculate r(101).
10
Let a(p) = 52*p - 689. Give a(13).
-13
Let j(g) = 253*g**2 + 2778*g - 9. Determine j(-11).
46
Let r(f) = -f**3 + 25*f**2 - 153*f - 35. What is r(13)?
4
Let h(y) = -y**3 - 18*y**2 - 26*y + 29. Give h(-16).
-67
Let u(v) = 22*v**2 + 244*v + 18. Calculate u(-11).
-4
Let v(t) = t**3 + 41*t**2 - 107*t - 1078. What is v(-43)?
-175
Let g(x) = 20*x - 354. Give g(43).
506
Let t(f) = -f**3 - 17*f**2 + 16*f + 284. Determine t(-17).
12
Let q(y) = 14*y - 4. Give q(-2).
-32
Let r(a) = 341*a - 756. Give r(5).
949
Let g(z) = 67*z**2 + 619*z + 154. Give g(-9).
10
Let r(g) = -g**3 + 10*g**2 - 133*g + 975. Give r(8).
39
Let h(w) = 204*w + 116. Calculate h(2).
524
Let v(m) = -m**3 - 10*m**2 + 10*m - 22. Give v(-11).
-11
Let r(t) = 904*t + 3629. Give r(-4).
13
Let l(r) = 100*r + 3335. Calculate l(-34).
-65
Let j(d) = -2*d**3 - 21*d**2 + 63*d + 293. Give j(-12).
-31
Let o(x) = x**2 + 6*x + 103. What is o(-11)?
158
Let d(w) = 380*w - 7649. Determine d(20).
-49
Let u(x) = -450*x - 2167. Give u(-5).
83
Let n(w) = w**3 - 44*w**2 + 123*w + 368. Give n(41).
368
Let c(h) = 275*h + 4407. Determine c(-16).
7
Let v(q) = 2*q**2 - 95*q + 317. What is v(44)?
9
Let c(h) = -h - 13. Calculate c(-9).
-4
Let p(d) = d**3 + 14*d**2 + 84*d + 140. Determine p(-5).
-55
Let r(y) = -85*y - 39. Determine r(-1).
46
Let a(o) = -379*o - 25013. What is a(-66)?
1
Let s(w) = -4346*w - 26077. What is s(-6)?
-1
Let p(d) = -155*d - 3660. Give p(-24).
60
Let h(f) = 84*f**3 - 2*f**2 + 13*f + 15. Give h(-1).
-84
Let r(m) = -4*m**2 - 18*m - 34. Calculate r(-6).
-70
Let z(g) = g**2 + 11*g - 1. What is z(-25)?
349
Let u(v) = -6*v**2 - 71*v + 92. What is u(-16)?
-308
Let q(i) = 3*i**2 + 54*i - 218. What is q(-21)?
-29
Let f(h) = h**3 + 9*h**2 + 11*h + 38. Calculate f(-6).
80
Let y(w) = -w**3 + 114*w**2 - 1566*w - 207. Determine y(98).
-11
Let v(k) = -k**2 + 12*k + 159. Calculate v(-13).
-166
Let r(s) = s**2 + 24*s - 35. Calculate r(-11).
-178
Let t(k) = -63*k - 6304. What is t(-100)?
-4
Let s(q) = -q**3 + 8*q**2 - 25*q + 42. Calculate s(5).
-8
Let b(g) = -g**3 + 70*g**2 - 134*g - 101. Determine b(68).
35
Let p(y) = 10*y**3 - 35*y**2 + 41*y + 1. Calculate p(2).
23
Let q(a) = -a**2 - 118*a + 926. Give q(8).
-82
Let p(k) = -13*k**2 + 2*k + 16. Give p(4).
-184
Let k(h) = h**3 + 16*h**2 - 32*h - 203. Calculate k(-16).
309
Let l(i) = -i**2 + 1103*i + 8. What is l(0)?
8
Let w(g) = -g**2 - 34*g + 27. Determine w(-32).
91
Let y(q) = 160*q - 1559. Give y(11).
201
Let l(d) = -2*d**3 - 6*d**2 - 14*d + 46. What is l(2)?
-22
Let d(o) = -o**3 + 37*o**2 + 165*o - 23. Determine d(41).
18
Let m(q) = 2*q**2 - 29*q - 38. Calculate m(14).
-52
Let d(l) = -2*l**3 + l - 6. Give d(-2).
8
Let u(w) = 886*w - 25690. What is u(29)?
4
Let h(t) = 13*t - 197. Determine h(14).
-15
Let p(u) = 68*u + 1433. Calculate p(-21).
5
Let w(v) = v**2 + 212*v - 2928. Give w(13).
-3
Let f(q) = q**3 - 21*q**2 + 33*q - 73. Calculate f(20).
187
Let m(q) = -q**3 - 45*q**2 + 125*q + 3629. Give m(-46).
-5
Let o(w) = -12*w**2 - 15*w - 15. Calculate o(-6).
-357
Let u(i) = 100*i - 1686. Give u(18).
114
Let u(l) = 3*l + 454. Calculate u(-93).
175
Let k(j) = j**2 + j - 2161. What is k(-47)?
1
Let y(i) = -2*i**3 + 35*i**2 - 211*i + 472. Give y(8).
0
Let x(b) = -131*b + 270. Calculate x(2).
8
Let f(n) = 2*n**3 + n**2 + 11*n - 68. Determine f(4).
120
Let p(h) = 22*h + 17. Determine p(-28).
-599
Let h(z) = z**3 - 6*z**2 + 8*z - 7. Determine h(9).
308
Let v(l) = 30*l - 35. Determine v(4).
85
Let d(p) = 6*p**2 - 55*p - 2. Give d(14).
404
Let x(g) = g**3 + 12*g**2 - 186*g - 60. What is x(-21)?
-123
Let j(q) = -6*q**3 - 11*q**2 + 318*q + 630. Calculate j(-2).
-2
Let s(r) = -r**3 + 118*r**2 - 775*r - 215. Calculate s(111).
7
Let o(n) = -n**2 - 10*n + 58. What is o(-18)?
-86
Let k(u) = -24*u - 21. What is k(-9)?
195
Let h(u) = 765*u + 760. Calculate h(-1).
-5
Let q(x) = 83*x**3 + 416*x**2 + 7*x + 8. Give q(-5).
-2
Let r(i) = 2*i - 113. What is r(0)?
-113
Let l(s) = 44*s + 3394. What is l(-77)?
6
Let b(w) = w + 27. Give b(-10).
17
Let x(d) = 2*d**3 + 5*d**2 - 25*d + 43. What is x(3)?
67
Let j(w) = w**3 + 15*w**2 + 53*w + 52. What is j(-11)?
-47
Let w(m) = -m**2 - 16*m + 175. Calculate w(7).
14
Let i(j) = -4*j**3 + 47*j**2 + 58*j - 553. Give i(12).
-1
Let c(w) = -460*w + 37263. Calculate c(81).
3
Let r(s) = 4*s**2 + 12*s - 61. Give r(-7).
51
Let p(k) = k - 15. Give p(-7).
-22
Let c(w) = 12*w + 141. What is c(-32)?
-243
Let p(m) = 107*m + 771. What is p(-5)?
236
Let t(h) = -62*h - 691. Determine t(-11).
-9
Let z(m) = 39*m - 1366. Give z(39).
155
Let l(f) = -4*f**3 + f**2 + 5*f + 5. Give l(-2).
31
Let u(m) = -543*m + 536. What is u(1)?
-7
Let f(d) = 2*d**2 - 8*d - 28. Calculate f(11).
126
Let x(y) = y**2 - 231*y - 9017. Give x(-34).
-7
Let v(n) = 207*n - 7237. Calculate v(35).
8
Let i(d) = d**3 + 42*d**2 + 74*d - 210. Calculate i(-40).
30
Let w(r) = 